ulate -30 + (-4 - 10 - -32).
-12
Evaluate (17 - (8 - -1)) + (1 - -3).
12
What is -13 - (14 - 37) - 17?
-7
-3 - (22 + 15) - -23
-17
What is 323 + -341 + 10 + -1?
-9
20 + -7 + -10 + -10
-7
(-1 - 5) + (-21 - -15)
-12
What is (-31 - -28) + (0 - 9) - (1 - 6)?
-7
7 - (-18 - -57 - 17)
-15
What is (-11 - 0) + (-27 - (-9 - (-4 - -16)))?
-17
-5 + 1 + -7 + 1 - (-222 - -232)
-20
What is (-19 - -10 - -8) + (11 - 4)?
6
0 + 11 + (-30 - -4) + 7 + 1
-7
What is (23 - 22 - (-1 - 5)) + 11?
18
Calculate (1 - -7) + (22 - 19).
11
What is the value of -6 + (31 - 44) + -9?
-28
What is -23 - ((-126 - -100) + -3 + 17)?
-11
What is 0 + (0 - 0) + (19 - (43 + -21))?
-3
Evaluate -12 - (-9 - (11 + -12)).
-4
Evaluate -54 + 59 + (1 - 15).
-9
What is -5 - (-2 + (8 + -6 - 2 - -4))?
-7
Evaluate (21 - -12) + (-1 - 17) + -49.
-34
What is the value of -15 - (-5 + 14 - 48) - -7?
31
What is the value of 10 + -92 + 38 - -65?
21
Evaluate 26 + -11 - 23 - ((6 - 2) + 10).
-22
What is the value of (2 - -6) + -2 + (-28 - -22)?
0
7 + (9 - 11) + -1 + 2
6
Evaluate -179 + 175 + (-2 - -1 - (-3 - -1)).
-3
Evaluate -7 + 1 + (-5 - (-7 + -1) - 1).
-4
What is the value of 0 - (-1 + -7 - 1) - (1218 + -1222)?
13
What is the value of -38 + 34 - (2 + 14)?
-20
What is 0 + 2 + (-6 + 3 - -20) + -12?
7
3 + (-5 - (14 + -20)) + (1 - 8)
-3
-6 + 25 - 14 - (-1 - 11)
17
What is the value of -6 + (-8 - (-5 - (3 - -1))) + 21?
16
What is -4 - (-36 - (14 - 28))?
18
What is (9 - (0 + 1 - -10)) + (3 - -6)?
7
2 + 5 + -14 + 6 - (-6 + 9)
-4
Evaluate 9 - (13 - (16 - 13)).
-1
What is 30 - (12 + -9 + -10 + 13)?
24
What is the value of -14 - ((8 - 54) + 21)?
11
-32 - -46 - (8 + 1 + 2) - 25
-22
Evaluate 0 + -3 + 5 + -3 - 8.
-9
Evaluate -13 - (26 - 5 - 29).
-5
What is -38 - ((-8 - 83) + 31)?
22
Calculate -1 + (12 - ((8 - 7) + 13 + -5)).
2
Calculate (1 + 14 - (8 - (42 - 28))) + 6.
27
-5 + 2 - (-3 + 7 - -4 - 2)
-9
What is the value of 1 + (34 - 45) - -7?
-3
What is 32 + (-3 - 1) + -8 - (3 - 1)?
18
Evaluate -102 - -87 - (1 - 23).
7
5 + (-13 - ((4 - -4) + -9 - 0))
-7
Evaluate 1 + 2 - (-12 + (-4 - 0 - -12)).
7
What is -88 + 37 + 16 - -9?
-26
What is (22 - 10) + (-14 - -29)?
27
2 - (13 + 54 + -35)
-30
(-8 + 2 - -11) + 7
12
What is (-20 + 20 - -17) + -15?
2
18 + -2 - ((12 - 49) + 45)
8
Evaluate (-8 - -3) + -23 + 15 + 6 + 0.
-7
What is 15 + -4 + (15 - 17) + 4?
13
What is 4 - (12 - 11) - -8?
11
Calculate -4 + 19 - -3 - ((-8 - -22) + -11).
15
What is the value of (-4 - 1 - -13) + -1 + (-3 - -1)?
5
What is the value of (-1 - -4) + 129 + -140 - -20?
12
Calculate (10 - 0) + 7 + (-107 - -75).
-15
Evaluate 0 + 7 + (-3 - 6).
-2
Calculate 11 + (-8 - -4) + -9 + -9 + -1.
-12
What is (-1 - (-2 - (-4 - -4)) - 4) + -3?
-6
What is the value of 3 - (-4 + 5) - (11 - (-2 + 14))?
3
Evaluate (-1 - -3) + -10 + 4 - -6.
2
Calculate (-22 + 55 - 6) + -5.
22
Calculate (0 - -3) + (-5 - 6 - -17) - -2.
11
Evaluate (-22 - -1) + 14 + 1.
-6
What is -1 + -8 + 26 + -32?
-15
Calculate -4 + 0 + -9 + 20 + 3.
10
-46 + 24 + 38 - (-5 + 3 - -11)
7
What is 10 - -5 - (4 - 13 - 0)?
24
Evaluate -897 + 941 + (-17 - 0).
27
-7 - -2 - -13 - (10 - -2 - -5)
-9
Evaluate 14 - (-11 + 3 + 4 + 6).
12
What is the value of (-12 - (5 + -4)) + 7?
-6
Evaluate 4 + 0 - (-6 - (-15 - (-7 + -10))).
12
Calculate -5 + 18 + -9 + 8.
12
Calculate (6 - (5 - 4)) + 2 + 1.
8
Evaluate 10 - (-9 - (-1 + -10 - -1)).
9
Evaluate (-5 - 4 - -7 - -10) + -2 + 14.
20
Calculate 1 + -12 + (32 - (17 - 1)).
5
What is the value of (-5 + (31 - 13) - 26) + 1?
-12
Evaluate 13 + (-12 - 8) + -1 - -24.
16
Calculate (-21 + 16 - 13) + 23.
5
Calculate (218 - 216) + 8 + 1.
11
(-1 - 11 - (-5 + -1)) + 2
-4
What is the value of -24 + 28 + (-21 - (-1 - (-5 + 1)))?
-20
What is the value of 8 + (-5 - (18 + 1 + (-7 - 0)))?
-9
What is the value of 1 + (2 + -1 - (33 + -22))?
-9
Evaluate (-4 - -15) + -13 - 9 - (17 - -5).
-33
What is the value of -4 + (-1 - 7) + (90 - 83)?
-5
Calculate -4 + 3 - 12 - (377 - 377).
-13
What is -28 + 42 + 1 + (-1 - 4)?
10
10 + -4 - 2 - (-5 + 3)
6
What is the value of 15 - 32 - (-7 + 3 + -3) - 4?
-14
Calculate 5 - (-3 - (-7 - -6 - (-1 + 2))).
6
What is -2 - (-9 - -12 - (2 - 3))?
-6
What is the value of (-4 - (-21 + 8) - 5) + 5?
9
What is the value of (8 + -1 - 4) + 9 + -3 + 1?
10
What is 22 + -6 - (34 + (4 - 7))?
-15
What is -14 - (11 + -29 + -20)?
24
Calculate 1765 + -1734 - (-3 + 2 - -2).
30
Evaluate 9 + 4 + 12 + -26.
-1
Calculate -20 + 7 + -17 + 51.
21
Calculate -9 - (-9 - -17) - -8.
-9
Calculate (0 - -6) + -4 - 2.
0
What is the value of -10 + -4 + 4 + 14 + 5?
9
Calculate 219 + -212 - ((29 - (-1 - -3)) + -1).
-19
Calculate 1 + (1 - -14) + (2 - (15 + -10)).
13
What is the value of -3053 + 3043 + (29 - (1 + 3 + -2))?
17
What is 0 - 1 - (-14 - (-7 - (-2 + 3)))?
5
12 + 1 + -19 + 16
10
-3 - (3 + -1 + -8 - -3)
0
17 - (11 + -1 - 6)
13
Calculate 301 + -291 - (10 + 0).
0
Evaluate -6 + -3 + -25 + 31 - 13.
-16
-4 + 3 - (19 - 30) - 17
-7
What is 39 + -21 + 5 - 16?
7
What is the value of (-68 - -54) + 4 + -3 + (1 - 3)?
-15
What is (2 - 14) + -11 + 21 - 8?
-10
Evaluate -42 + -1 + 24 + 11.
-8
(17 - (4 - 2)) + (-337 - -332)
10
Calculate (13 + 1 + -4 - 5) + -12.
-7
Calculate (-26 + 11 - 0) + 4 + 6 - 7.
-12
What is the value of -39 + 52 - (0 + -8 + 25)?
-4
Calculate 101 + -99 + (2 + -2 - -4) + -11.
-5
What is -1 - -10 - (-11 + -2 + 8 - -12)?
2
27 + -30 - (-11 + -20)
28
19 + (-6 - (17 + 0))
-4
What is the value of 48 + -58 + (4 - 2)?
-8
7 + -2 + 9 + (2 - (0 + 3))
13
Evaluate 5 + 10 + -62 + 24.
-23
What is -9 + (31 - 11) + -4 - 21?
-14
What is -2 + (-7 - -9) - (-5 - -1)?
4
Calculate -11 - (24 + -34 + 1 + -12).
10
-3 + (2 - 3 - -26) + (103 - 111)
14
What is the value of (1 - 1) + -14 + -11 + (-1 - 2)?
-28
Evaluate 20 + 7 + (-28 - -7) - (-1 + 7).
0
What is the value of -11 + -8 + 27 - (-37 + 1) - 10?
34
Calculate -13 + (-15 + 5 - (-32 + -24)).
33
Evaluate 9 - (13 + (20 - 12)).
-12
Calculate -14 + (-2 - -21 - 15) + 1.
-9
What is the value of -24 + (-32 - (-29 + -3))?
-24
Calculate 67 + -32 + -70 - -74.
39
What is the value of 0 + -7 + -1 + 4 + (-5 - -1)?
-8
-12 + (-1 - 6) + 11 - -5
-3
Calculate -1 - (7 + 0) - (258 - 268).
2
What is the value of (-13 - 12) + (43 - 29)?
-11
What is ((3 - 6) + 7 - (44 - 37)) + 7?
4
Evaluate -22 + 1 - (-449 + 419).
9
What is 2 + 6 + -2 - (3 + 7 + -8)?
4
What is (-6 + 1 - -5) + -8 + 8?
0
Calculate 41 + -17 - (-4 - -6 - (-5 - 2)).
15
What is the value of (-3 - -2 - -1) + 11 - 8?
3
Calculate 72 + -71 + (-4 + 3 - -15).
15
What is -11 - (-12 + (-4 - -7 - 15))?
13
Evaluate -16 + (-24 - (-21 + 2)).
-21
(9 - -10) + 2 + -2 + (1 - 1)
19
Calculate (2 + -38 - (-25 - -14)) + -2.
-27
Evaluate 101 + -110 - (6 + -4 - (-3 + -1)).
-15
Evaluate 11 + (1 - 13 - 13).
-14
1 + (2 - -5) + (38 - (35 - 12))
23
5 + 1 - (107 + -78 + -1 + 1)
-23
-88 - -105 - (8 - 0)
9
What is -3 + -6 - (233 + -221)?
-21
What is the value of 0 + -4 + -1 + (43 - 48 - 11)?
-21
What is the value of 4 + -1 + 10 + -35 - (-22 + 14)?
-14
What is the value of (4 - -14) + 10 + 8 + -31?
5
Calculate -27 + (16 - 6) + 5.
-12
What is -238 + 217 - (-30 - 1)?
10
What is -48 - (-20 + -17 + -2)?
-9
40 - (-35 - -31) - 83
-39
-9 + 19 - (-2 - -8)
4
Calculate -32 - (-16 + (-51 - -32)).
3
Calculate 12 + -5 + 4 + (-3 - 0 - -7).
15
What is the value of 9 - 0 - (32 - 4)?
-19
What is (-4 - 6) + 25 - 14?
1
Calculate -20 + (-3 - (-12 + -2)) + -16.
-25
15 - (8 - -1) - 7 - 10
-11
Calculate 403 + -420 - (0 - -6).
-23
Evaluate 16 - (13 + 3) - (-3 - (-1 - 4)).
-2
What is the value of (16 - (-9 + 11 + 1)) + -10?
3
Calculate 1051 + -1082 - (-14 + 2 + -2).
-17
What is (15 - -4) + (2 - -11 - 21)?
11
What is 2 + (-11 + -1 - -7) + 5?
2
What is 18 + (18 - 44) - -34?
26
5 + (5 - 5) + (-4 - -11 - -2)
14
Evaluate 18 + (0 - (0 + 14)) + -1 + -8.
-5
1 - -7 - (6 + (2 - (-11 - -6)))
-5
Calculate 55 + -30 + 7 - 9.
23
Calculate -22 + 9 + -5 + 8 - (2 + 1).
-13
What is the value of -7 + (-44 - -14) + 40 + (28 - 2)?
29
What is (-15 - -34 - 19) + -3?
-3
0 + (4 - 4) + 3 + -4 + 3
2
Calculate -1 + 1 + -8 - (48 + 34 + -123).
33
Calculate 21 + -21 + (-6 - (3 - -4)).
-13
8 + -24 + (3 + 6 - 19)
-26
What is the value of -9 + 30 - 65 - (-12 + -3)?
-29
Calculate 20 + -2 + -20 - -4.
2
What is 7 - (-15 - -26) - -18?
14
What is (-94 - -88 - (4 + -21 + 1)) + -4?
6
Calculate 25 + (3 + -15 - (-12 + 12)).
13
What is (18 +